t common factor of 46375 and 399875.
875
Calculate the greatest common divisor of 710562 and 326876.
874
Calculate the greatest common factor of 2091022 and 4959398.
6026
What is the greatest common divisor of 702509015 and 65?
65
What is the greatest common factor of 6960 and 615255?
15
Calculate the highest common divisor of 7185118 and 9826.
578
Calculate the greatest common divisor of 202 and 645285566.
202
Calculate the greatest common factor of 71722385 and 313.
313
What is the greatest common factor of 22930454 and 86950?
3478
Calculate the highest common factor of 35805 and 314880.
15
What is the highest common divisor of 2554284 and 1444?
76
Calculate the greatest common factor of 39627 and 76398.
357
What is the greatest common factor of 3915 and 25708500?
1305
Calculate the greatest common divisor of 1967 and 65527.
7
Calculate the greatest common divisor of 4620 and 142001706.
462
Calculate the greatest common divisor of 1838034 and 15642.
198
What is the highest common factor of 260 and 3986255?
65
What is the highest common divisor of 43570349 and 69?
23
What is the greatest common divisor of 121994 and 2353?
181
Calculate the greatest common factor of 238312127 and 964.
241
Calculate the greatest common factor of 1496 and 441694.
374
What is the greatest common divisor of 695837 and 81567?
1007
What is the greatest common factor of 18487761 and 348?
87
Calculate the greatest common factor of 11250 and 17489250.
2250
Calculate the greatest common divisor of 250495815 and 45.
15
Calculate the greatest common divisor of 514 and 4468973.
257
What is the highest common factor of 6031 and 1199651?
37
Calculate the highest common divisor of 53702 and 43021.
11
Calculate the greatest common divisor of 551404 and 293468.
1316
What is the highest common factor of 3044246 and 950518?
1438
Calculate the greatest common divisor of 5798 and 27520876.
446
Calculate the highest common divisor of 252082604 and 2228.
2228
Calculate the greatest common divisor of 1824 and 2007072.
96
What is the greatest common factor of 86641010 and 34?
34
What is the greatest common factor of 1471664 and 43892736?
14288
What is the greatest common factor of 8122 and 1248246?
62
Calculate the highest common factor of 2624 and 832192.
64
What is the greatest common factor of 151 and 29858891?
151
Calculate the greatest common divisor of 3498 and 5271387.
33
Calculate the greatest common divisor of 60748912 and 448.
112
Calculate the highest common divisor of 4374 and 6460236.
162
Calculate the highest common divisor of 1776 and 8568312.
888
What is the greatest common factor of 311072 and 416?
32
Calculate the greatest common factor of 147 and 128576.
49
Calculate the greatest common factor of 276 and 46607592.
12
What is the greatest common divisor of 57997 and 760451?
59
What is the greatest common factor of 32 and 16382896?
16
What is the highest common divisor of 2541 and 936705?
231
What is the highest common factor of 288 and 114722208?
288
What is the greatest common factor of 785600 and 32400?
400
Calculate the highest common factor of 358044908 and 156.
52
Calculate the greatest common divisor of 114 and 53115279.
57
Calculate the greatest common divisor of 13037877 and 5955.
1191
What is the highest common divisor of 1368 and 980248?
152
What is the highest common factor of 1945340 and 460?
460
Calculate the highest common divisor of 1120 and 3151008.
224
Calculate the greatest common divisor of 21291 and 3500043.
141
What is the highest common factor of 15925 and 10809253?
637
What is the highest common factor of 105 and 1608060?
15
Calculate the greatest common divisor of 542444 and 322.
14
What is the greatest common divisor of 36203131 and 629?
37
Calculate the highest common divisor of 13877019 and 7145.
1429
What is the greatest common factor of 400 and 82747920?
80
What is the highest common divisor of 135813 and 63597?
51
What is the highest common factor of 1274202 and 6003?
261
Calculate the highest common factor of 2415956 and 16.
4
Calculate the highest common factor of 13900 and 169378450.
6950
Calculate the highest common divisor of 52 and 3566367740.
52
Calculate the greatest common factor of 47780706 and 7866.
2622
Calculate the highest common factor of 18569860 and 3804.
1268
What is the greatest common factor of 142071 and 67896?
69
Calculate the greatest common factor of 40352 and 2169308.
388
Calculate the greatest common divisor of 22166079 and 71856.
1497
What is the highest common factor of 29208 and 103268535?
3651
Calculate the greatest common factor of 880 and 2567960.
40
Calculate the greatest common divisor of 1308199680 and 45.
45
What is the highest common factor of 34880 and 35?
5
Calculate the greatest common factor of 206547 and 15159867.
1707
Calculate the greatest common divisor of 15560 and 27440.
40
Calculate the greatest common divisor of 2 and 534489.
1
Calculate the greatest common factor of 220 and 1029754.
22
What is the highest common divisor of 3342625 and 4355?
65
Calculate the highest common divisor of 130 and 14225575.
65
What is the highest common factor of 47137479 and 2031?
2031
What is the greatest common divisor of 49 and 1055406247?
49
Calculate the highest common divisor of 298930 and 114560.
1790
Calculate the greatest common divisor of 267332 and 912236.
2756
Calculate the highest common factor of 3520470660 and 3945.
3945
Calculate the highest common factor of 164933 and 19671118.
1633
What is the greatest common factor of 894 and 590934?
894
What is the highest common divisor of 7172 and 23995882?
326
Calculate the highest common divisor of 2176458 and 174.
6
Calculate the greatest common divisor of 359217 and 2063619.
1503
Calculate the greatest common factor of 378 and 7393428.
126
What is the greatest common factor of 16605 and 92205?
135
What is the greatest common divisor of 7298759 and 104?
13
Calculate the greatest common divisor of 20917000 and 2000.
1000
Calculate the highest common divisor of 701778 and 36127245.
7161
What is the greatest common divisor of 1852981 and 104?
13
Calculate the greatest common factor of 95940939 and 558.
93
What is the highest common divisor of 1145 and 255100?
5
Calculate the greatest common divisor of 62271 and 15429.
111
Calculate the greatest common divisor of 32246661 and 26684.
953
What is the highest common factor of 2992 and 53771?
17
What is the greatest common factor of 675299973 and 1338?
669
What is the highest common factor of 3840 and 79561440?
480
Calculate the highest common factor of 6164 and 377612.
268
What is the highest common divisor of 72875040 and 24108?
3444
Calculate the greatest common divisor of 585165 and 1155.
105
What is the greatest common divisor of 14 and 114219133?
7
What is the highest common divisor of 100 and 165868100?
100
Calculate the greatest common factor of 48256 and 860704.
416
Calculate the greatest common divisor of 3135 and 5.
5
Calculate the greatest common divisor of 16414 and 109804.
566
Calculate the highest common factor of 62626 and 72660.
346
What is the highest common factor of 29945376 and 672?
96
Calculate the greatest common factor of 242990 and 995742.
1034
Calculate the highest common divisor of 343711500 and 2035.
2035
What is the highest common factor of 74977419 and 187275?
7491
Calculate the highest common divisor of 119241 and 55107.
9
What is the greatest common factor of 1336812 and 23256?
204
Calculate the greatest common divisor of 12515125 and 2875.
125
What is the greatest common divisor of 18969984 and 14970?
2994
Calculate the highest common divisor of 157791 and 66603.
447
What is the highest common divisor of 107865450 and 242?
242
Calculate the highest common divisor of 6563 and 1303.
1
What is the greatest common divisor of 126 and 3731562?
18
What is the highest common factor of 6619416 and 105576?
1992
What is the greatest common factor of 4422 and 453500421?
2211
Calculate the highest common divisor of 63 and 129265641.
9
What is the greatest common factor of 39684 and 14748?
12
Calculate the highest common factor of 6002895 and 155489.
2549
What is the greatest common divisor of 1588212 and 19468?
628
What is the highest common divisor of 4835123 and 229585?
629
What is the